ided by 20320?
76
Calculate the remainder when 700456 is divided by 233430.
166
Calculate the remainder when 2763716 is divided by 345392.
580
Calculate the remainder when 995338 is divided by 13.
6
Calculate the remainder when 1417683 is divided by 64430.
223
Calculate the remainder when 31485856 is divided by 8334.
4
What is the remainder when 19052243 is divided by 573?
566
What is the remainder when 1122888682 is divided by 113?
111
What is the remainder when 3354251 is divided by 960?
11
What is the remainder when 229642376 is divided by 146?
144
Calculate the remainder when 5615351 is divided by 54.
53
What is the remainder when 75400555 is divided by 28?
27
What is the remainder when 1855565 is divided by 6290?
15
What is the remainder when 40284833 is divided by 22?
17
Calculate the remainder when 23639547 is divided by 26955.
12
Calculate the remainder when 30257 is divided by 7786.
6899
What is the remainder when 37496544 is divided by 3286?
3284
Calculate the remainder when 448276 is divided by 147593.
5497
What is the remainder when 858536 is divided by 214257?
1508
Calculate the remainder when 9600691 is divided by 516.
511
Calculate the remainder when 38381145 is divided by 52.
49
Calculate the remainder when 2722270 is divided by 2722129.
141
Calculate the remainder when 28805 is divided by 7030.
685
Calculate the remainder when 18890513 is divided by 858656.
81
Calculate the remainder when 1063114 is divided by 203.
3
What is the remainder when 31162 is divided by 749?
453
What is the remainder when 20954992 is divided by 21?
16
Calculate the remainder when 8513 is divided by 1466.
1183
What is the remainder when 524530 is divided by 47?
10
What is the remainder when 921611 is divided by 35?
26
What is the remainder when 1977966 is divided by 65931?
36
What is the remainder when 126051907 is divided by 23?
16
Calculate the remainder when 7136570 is divided by 2012.
6
Calculate the remainder when 28168 is divided by 6522.
2080
Calculate the remainder when 1541153 is divided by 11.
9
What is the remainder when 114153 is divided by 14250?
153
Calculate the remainder when 5208249 is divided by 3102.
3093
What is the remainder when 6696814 is divided by 220?
14
What is the remainder when 3117062 is divided by 118?
92
Calculate the remainder when 94896791 is divided by 14622.
11
What is the remainder when 9028 is divided by 1090?
308
Calculate the remainder when 9137179 is divided by 1305307.
30
What is the remainder when 41768 is divided by 17184?
7400
What is the remainder when 1684975 is divided by 570?
55
What is the remainder when 74730 is divided by 2486?
150
What is the remainder when 76589 is divided by 12663?
611
What is the remainder when 7480 is divided by 4745?
2735
What is the remainder when 10188 is divided by 10015?
173
Calculate the remainder when 312376 is divided by 8922.
106
What is the remainder when 633381 is divided by 1389?
1386
What is the remainder when 86041 is divided by 72849?
13192
What is the remainder when 1230084 is divided by 7552?
6660
What is the remainder when 390780 is divided by 487?
206
What is the remainder when 443698 is divided by 21?
10
What is the remainder when 100892 is divided by 50419?
54
What is the remainder when 6655908 is divided by 475419?
42
What is the remainder when 81302 is divided by 33?
23
Calculate the remainder when 10261148 is divided by 347.
11
What is the remainder when 21804420 is divided by 948018?
6
Calculate the remainder when 15812331 is divided by 12866.
17
What is the remainder when 183078323 is divided by 78?
77
What is the remainder when 828554 is divided by 54?
32
What is the remainder when 70059658 is divided by 1051?
1049
What is the remainder when 1118953 is divided by 750?
703
What is the remainder when 14646029 is divided by 18705?
14
What is the remainder when 159313431 is divided by 21?
18
What is the remainder when 2977053 is divided by 129?
120
What is the remainder when 4712218 is divided by 6184?
10
Calculate the remainder when 344771 is divided by 1587.
392
What is the remainder when 39661 is divided by 7922?
51
Calculate the remainder when 3161352 is divided by 48636.
12
What is the remainder when 809418 is divided by 23125?
43
What is the remainder when 57819697 is divided by 741278?
13
Calculate the remainder when 869136 is divided by 429.
411
Calculate the remainder when 687730595 is divided by 53.
51
Calculate the remainder when 202921684 is divided by 653.
628
Calculate the remainder when 20538 is divided by 2913.
147
What is the remainder when 1521243 is divided by 152123?
13
What is the remainder when 3244004 is divided by 463429?
1
Calculate the remainder when 3284023 is divided by 133.
120
What is the remainder when 787579 is divided by 787567?
12
Calculate the remainder when 2038991 is divided by 5273.
3613
Calculate the remainder when 9028 is divided by 1752.
268
What is the remainder when 7041978 is divided by 1033?
17
Calculate the remainder when 99479 is divided by 1107.
956
What is the remainder when 755442 is divided by 497?
2
What is the remainder when 35007782 is divided by 1864?
1862
What is the remainder when 335936 is divided by 25837?
55
Calculate the remainder when 79002 is divided by 1779.
726
What is the remainder when 29978 is divided by 2010?
1838
What is the remainder when 2314393 is divided by 1990?
23
Calculate the remainder when 1821129 is divided by 10587.
165
Calculate the remainder when 656636 is divided by 912.
908
Calculate the remainder when 1126128 is divided by 664.
648
Calculate the remainder when 129290 is divided by 63369.
2552
What is the remainder when 223009 is divided by 3655?
54
What is the remainder when 265156 is divided by 106?
50
Calculate the remainder when 6186639 is divided by 272.
271
What is the remainder when 163772 is divided by 769?
744
Calculate the remainder when 15916257 is divided by 4161.
432
What is the remainder when 148497 is divided by 3445?
362
Calculate the remainder when 327536736 is divided by 46790962.
2
What is the remainder when 104594062 is divided by 42?
34
What is the remainder when 67943 is divided by 13?
5
What is the remainder when 276438 is divided by 7269?
216
What is the remainder when 6627025 is divided by 3313496?
33
Calculate the remainder when 68462906 is divided by 1027.
5
What is the remainder when 405288531 is divided by 27?
9
What is the remainder when 22822973 is divided by 145369?
40
What is the remainder when 3494386 is divided by 111?
106
What is the remainder when 1140557 is divided by 285?
272
What is the remainder when 1048805 is divided by 149806?
163
What is the remainder when 13265 is divided by 71?
59
Calculate the remainder when 36639 is divided by 2798.
265
What is the remainder when 13717189 is divided by 130?
109
What is the remainder when 379874 is divided by 379862?
12
What is the remainder when 703019 is divided by 27?
20
Calculate the remainder when 25686190 is divided by 196.
194
Calculate the remainder when 44288 is divided by 22.
2
Calculate the remainder when 2283897 is divided by 36835.
127
Calculate the remainder when 33051 is divided by 1836.
3
Calculate the remainder when 1534357 is divided by 184.
165
Calculate the remainder when 372250 is divided by 442.
86
What is the remainder when 140882 is divided by 8743?
994
Calculate the remainder when 567167 is divided by 99.
95
What is the remainder when 52901 is divided by 4481?
3610
What is the remainder when 4198895 is divided by 62?
7
What is the remainder when 1558414 is divided by 58?
12
Calculate the remainder when 3765241 is divided by 102.
13
What is the remainder when 783000 is divided by 27964?
8
Calculate the remainder when 29968 is divided by 5904.
448
What is the remainder when 2801550 is divided by 52858?
76
Calculate the remainder when 2057241 is divided by 8327.
472
What is the remainder when 1036534 is divided by 35?
9
What is the remainder when 71414156 is divided by 38?
34
What is the remainder when 142155 is divided by 3113?
2070
Calculate the remainder when 119848297 is divided by 5.
2
What is the remainder when 278840 is divided by 28?
16
What is the remainder when 33971 is divided by 8028?
1859
Calculate the remainder when 27155 is divided by 42.
23
Calculate